13?
3
Suppose 4*f - 17553 = -g, 0*f + 4*f + 2*g - 17554 = 0. Suppose 9*x - f = -185. Suppose -5*r + 1174 = 4*w, -2*r + w + 0*w = -x. What is the tens digit of r?
3
Let f be (0 - 3) + 7 + (-3)/(-1). Let b be -40 + 2 + -4 + f. Let h = b + 133. What is the tens digit of h?
9
Let f = 4369 + -1618. What is the hundreds digit of f?
7
Suppose -y + 3*a + 5506 = -2197, 2*y + 4*a - 15376 = 0. What is the units digit of y?
4
Suppose -44*b - 67650 = 10*b - 696858. What is the units digit of b?
2
Let q = 397 + -391. What is the units digit of (-104)/q*1833/(-52)?
1
Suppose 12*g - 23*g + 679797 = -2*g. What is the tens digit of g?
3
Let t(c) = 3*c**2 + 2*c - 1. Let d be t(-4). Let a(g) = -19*g + 3. Let f be a(0). Suppose -d = -f*y + 69. What is the units digit of y?
6
Let m = 8 - 9. Let q be m/(-6) + (-20911)/(-66). Suppose 0 = -3*f + q + 145. What is the tens digit of f?
5
Suppose -2*r = -2*v + 83062, 4*v - 330*r - 166117 = -333*r. What is the thousands digit of v?
1
Let c = 41598 - -10959. What is the hundreds digit of c?
5
Suppose 6670 + 5776 = -5*q + p, 2*p + 12443 = -5*q. Let b = -560 - q. What is the tens digit of b/9 - (2 - (-16)/(-6))?
1
Let k = -579 - -640. Suppose 94414 = k*m + 901. What is the tens digit of m?
3
Let u(b) be the first derivative of 39*b**2/2 + 22*b - 12. What is the tens digit of u(1)?
6
Let x(w) = 69*w**2 - 2*w. Let l(c) = 14*c + 18*c - 48*c + 23*c**2 + 15*c. Let d(b) = -11*l(b) + 4*x(b). What is the units digit of d(-2)?
6
Let d be 10591/11 - 98/(-539). Suppose -d = -3*g + 1470. What is the tens digit of g?
1
Let s(l) = -2*l**2 + 2. Let w be s(0). Let z be (-822)/(-15) - 3/(-15). Suppose -f + z - 12 = 2*j, 5*j - w*f = 112. What is the tens digit of j?
2
Suppose -229*q + 266*q - 402819 = 0. What is the ten thousands digit of q?
1
What is the thousands digit of 743050/132 + -3*(-28)/(-72) + 1?
5
Suppose -2*c - j = -2980, -3*c + 4465 = 70*j - 66*j. What is the tens digit of c?
9
Let r(h) = 2. Let v(s) = 3*s + 35. Let x(g) = -3*r(g) + v(g). Let a be x(-8). Suppose 15 = 3*w, 2*m - 2*w = -3 + a. What is the units digit of m?
6
Let x be (-132)/(4 + (-90)/21). Let a = 142 + x. What is the hundreds digit of a?
6
Let d = 179 + -327. Let g = -89 - d. Suppose k - 48 = g. What is the units digit of k?
7
What is the thousands digit of (-13426)/28*140/(-49)?
1
Let w = -80281 + 139109. What is the thousands digit of w?
8
Let b(k) = -5*k**2 + 12*k. Let a be b(5). Let c = 68 + a. Suppose -4*h + c*h = -38. What is the units digit of h?
8
Let t = 55388 + -29121. What is the thousands digit of t?
6
Let h(u) = 3*u**2 - 46*u - 1205. What is the thousands digit of h(53)?
4
What is the thousands digit of (-1056)/180 + 6 + 487976/30?
6
Let u be ((-30)/(-15))/((-8)/2)*-22. Let t = -2 + u. Let l = t - -35. What is the units digit of l?
4
Let j = 15106 - 1609. What is the hundreds digit of j?
4
Let m(a) = 43*a**2 - a - 1. Let h be m(-3). Let r = 724 - h. What is the hundreds digit of r?
3
Let c(j) = -1089*j + 24370. What is the units digit of c(0)?
0
Let f(q) = -2134*q + 4116. What is the tens digit of f(-3)?
1
Let h(k) = 113*k**2 + 1. Let a(w) = -w**3 - 2*w**2 + 14*w - 7. Let b be a(-5). What is the units digit of h(b)?
3
Suppose -4*p = -q - 52342, 269*q = 4*p + 273*q - 52352. What is the units digit of p?
6
What is the hundreds digit of (673532/207)/(2/27)?
9
Suppose 2*m + 35 = 39. Suppose -2*j - 3*p = -674, -5*j - m*p + 1053 + 621 = 0. What is the hundreds digit of j?
3
Suppose 187 + 13 = 5*g. What is the units digit of (264/20)/(-1 + 46/g)?
8
Let i = -2022 + 5252. Suppose -4*o = -3*l - i, 4028 = 5*o - 13*l + 14*l. What is the units digit of o?
6
Let m(y) be the third derivative of -y**4/24 - 11*y**3/6 - 4*y**2. Let v be m(-16). Suppose 10 = -v*j, x - j - 141 = -48. What is the units digit of x?
1
Suppose 5*r - o = 41876, 28*r - 7*o = 24*r + 33476. What is the hundreds digit of r?
3
Suppose 8*i - 5*d - 699146 = 0, 5688 = -3*i - 3*d + 267897. What is the units digit of i?
7
Let f(m) = -m**3 + 11*m**2 - 18*m. Suppose 7*s - 5*i = 2*s + 20, 0 = 5*i - 25. Let a be f(s). Suppose -10*q + 158 + 172 = a. What is the tens digit of q?
3
Let b be -2 - (0 + -1 + -3). Let a(y) = -b*y**2 + 2*y**2 + 134*y**3 + 1 + 0 - y. What is the tens digit of a(1)?
3
Let b(p) = 5289*p - 1861. What is the units digit of b(9)?
0
Suppose 2*j = -3*g + 36750, -5*g + j + 5426 = -55811. What is the ten thousands digit of g?
1
Let s = 21848 - 12984. Suppose -39*o + 31*o = -s. What is the hundreds digit of o?
1
Let o = 374 + -374. Suppose -g - 75 + 254 = o. What is the tens digit of g?
7
What is the hundreds digit of ((-44)/(-16) + -3)/(0 - (-2)/(-176024))?
0
Let a(v) = -v**2 - 5*v. Let u be a(-6). Let x be u/4*4*(-13)/(-3). Let k = 12 - x. What is the units digit of k?
8
Let j(b) = 75*b**3 + 2*b**2 - 10*b + 5. What is the thousands digit of j(4)?
4
Let h(m) = -m + 7. Let g be h(13). What is the tens digit of (-8355)/(-10) - ((-21)/g - 2)?
3
Suppose -2*a - 5*k + 10*k = -6561, -a - 2*k = -3276. What is the units digit of a?
8
Let h(v) = -v - 6. Let k be h(-17). Suppose a - k = 9. What is the hundreds digit of 2/((a/(-4))/(-470))?
1
Suppose -a - 71 = -902. Suppose -g = -2*u + 290, 5*g + 5*u = -544 - a. What is the units digit of 4 - 9/(45/g)?
0
Suppose -2698 - 578 = -7*n + 5*n. What is the units digit of n?
8
Suppose -8 + 4 = -2*f. Suppose -2*b - s = -f*s, 0 = -2*b + 5*s - 16. Suppose 2*y - 4*r - 182 = 0, -5*r - 272 = -b*y - y. What is the tens digit of y?
8
What is the units digit of 14/28 + (-75724)/(-8)?
6
Let g = -27 + 29. Suppose 5*p - g*f - 362 = 2153, 0 = 5*f. What is the tens digit of p?
0
Let c(j) = 191*j**3 - j**2 - 5*j - 12. What is the thousands digit of c(3)?
5
Suppose -5*h + 1 - 7 = -a, 0 = -a + 4*h + 8. Suppose -a*k + 15884 = -8356. What is the tens digit of k?
1
Let r = 469 - -6489. What is the units digit of r?
8
Let v = -1279 + 7652. What is the thousands digit of v?
6
Let m(g) = 2*g + 67. Let u be m(-31). Suppose u*a = -a + 3204. What is the hundreds digit of a?
5
Suppose 11*d + 50350 = 9*d + 7*d. What is the units digit of d?
0
Let z(n) = -7 - 6*n**2 + 7*n + 29*n**2 + 46 + n**3. What is the units digit of z(-22)?
9
Let j(q) = 8*q**3 - 16*q**2 - 9. Let g(p) = -p**2 + 24*p + 5. Let o be g(24). What is the units digit of j(o)?
1
Let k = 972 - 1863. Let n = k + 1266. What is the tens digit of n?
7
Let k(p) = p**2 - 8*p + 12. Let i be k(7). Suppose -36 = i*t - 16. What is the tens digit of (-6 - -59) + (2 - t/(-1))?
5
Suppose 0*y - 18 = -2*v + 3*y, 0 = -4*v + 3*y + 42. Let t(r) = 4*r**2 + 8*r + 37. What is the tens digit of t(v)?
0
Suppose -4*r + 2*r + 3*z = -9, 3*z = -5*r - 30. Let i(c) be the first derivative of -c**4/2 - 4*c**3/3 + 1105. What is the tens digit of i(r)?
1
Suppose -s = 5*n - 93594, -n - 22*s + 23*s + 18726 = 0. What is the units digit of n?
0
Let r(q) = 5*q - 4*q + 1 + 6 + 0. Let o be r(-3). Suppose k = l + 128, -k - o*k = -3*l - 636. What is the units digit of k?
6
Let m(q) = 3*q**2 - 3*q + 31. Suppose 183 = -21*l + 15. What is the units digit of m(l)?
7
Suppose -66 + 218 = 8*x. Let b be x - -4 - 4 - 1. What is the units digit of b/(-45) - (34/(-10) + 0)?
3
Let s(y) = y**2 - 8*y - 31. Let v be s(11). Suppose 199 = -2*f - 2*u + 535, f - 153 = v*u. Suppose 12*t - f - 161 = 0. What is the tens digit of t?
2
Suppose -3*v = 3*q - 9, -v = -2*q - q - 3. Suppose -15*n + q*n + 1065 = 0. What is the units digit of n?
1
What is the thousands digit of 9/(-153) + (-344728)/(-34)?
0
Suppose 5*x - 6365 = -2*v + 9766, 4*x - 24179 = -3*v. What is the hundreds digit of v?
0
What is the thousands digit of ((-10)/3)/(1010/(-2701548))?
8
What is the ten thousands digit of 362/1629 - (-230954)/18?
1
Let l = 715 - -2755. Suppose -3*v = -5*g - 6*v + l, 0 = -5*v. What is the tens digit of g?
9
Suppose 0 = -3*j + 2*l + 2, -3*j - 2*j - l + 12 = 0. Suppose 12 - 110 = -j*z. What is the tens digit of 1799/z - 2 - (-4)/14?
3
Let l(p) = 135*p**2 + 302*p + 332. What is the units digit of l(18)?
8
Suppose -5*o - 8917 = -4*n, -2*n + 1326 = 5*o - 3155. Let p be ((-1)/3)/(-1)*39. Suppose 2*u = p*u - n. What is the hundreds digit of u?
2
Let g = 49053 - 33486. What is the units digit of g?
7
Suppose 2*q + 0 = -5*i + 4, 3*i = -q + 1. Suppose 802 = q*t + 620. What is the tens digit of t?
2
Supp